3).
669
Let p(m) = -m**3 - m**2 + 48*m + 9. Calculate p(-7).
-33
Let l(v) = -4*v - 147. Determine l(0).
-147
Let j(i) = 17*i**2 + 27*i + 1. Calculate j(-2).
15
Let t(s) = 190*s + 574. Calculate t(-3).
4
Let h(i) = -i**3 - 47*i**2 - 135*i - 129. Calculate h(-44).
3
Let a(z) = 5*z**2 - 2*z + 22. Determine a(0).
22
Let k(z) = z**3 + 9*z**2 + 127*z + 681. What is k(-6)?
27
Let y(k) = 353*k + 2607. Give y(-7).
136
Let g(h) = -4*h**2 - 63*h - 96. Calculate g(-14).
2
Let y(f) = -f**3 + 5*f**2 + 119*f - 67. What is y(-9)?
-4
Let k(s) = 14*s + 13. Give k(18).
265
Let h(s) = -9*s**2 - 110*s - 147. Calculate h(-10).
53
Let n(o) = -352*o - 6693. Calculate n(-19).
-5
Let j(r) = r**3 - 50*r**2 + 101*r - 230. Give j(48).
10
Let k(z) = -z**2 - 441*z + 6839. Calculate k(15).
-1
Let n(j) = j**3 - 7*j**2 - 39*j + 98. Determine n(8).
-150
Let b(s) = 8*s - 17. What is b(16)?
111
Let m(j) = -j**2 - 182*j + 21638. Give m(82).
-10
Let j(v) = v**2 - 38*v - 667. Give j(-12).
-67
Let k(w) = 91*w + 510. Calculate k(-6).
-36
Let n(f) = f**3 + 100*f**2 + 898*f - 122. Give n(-90).
58
Let r(v) = 182*v + 3465. Determine r(-19).
7
Let z(h) = -60*h + 452. Calculate z(9).
-88
Let l(a) = 766*a + 374. Calculate l(0).
374
Let d(z) = 28*z - 1580. Determine d(51).
-152
Let d(z) = 47*z + 1176. What is d(-24)?
48
Let u(b) = -2*b**2 + 41*b - 151. Determine u(15).
14
Let p(o) = 2*o**3 - 127*o**2 - 2435*o - 1107. Calculate p(79).
-1
Let d(o) = 6*o**3 - 164*o**2 + 209*o - 30. What is d(26)?
-4
Let o(l) = l**2 + 4*l - 885. Determine o(30).
135
Let l(u) = -u**3 + 13*u**2 + 41*u + 124. Calculate l(16).
12
Let i(h) = -h**2 + 34*h - 189. What is i(34)?
-189
Let v(a) = -6*a**3 + 8*a**2 + 7*a - 13. Give v(3).
-82
Let c(f) = -29*f**2 + 207*f - 23. Calculate c(7).
5
Let d(n) = -2*n**2 - 53*n - 386. What is d(-13)?
-35
Let j(o) = 33*o - 856. Determine j(26).
2
Let v(n) = 2*n**2 - 68*n + 2. Give v(34).
2
Let w(p) = p**2 + 36*p + 145. Determine w(-6).
-35
Let j(w) = -w**3 + 133*w**2 + 12*w - 1629. What is j(133)?
-33
Let v(q) = -q**3 - 37*q**2 + 156*q - 324. Determine v(-41).
4
Let w(n) = -234*n + 2584. Calculate w(11).
10
Let s(p) = 7*p**2 + p. Determine s(0).
0
Let z(q) = -3*q**2 + 59*q + 84. Give z(22).
-70
Let n(k) = 193*k - 15279. Calculate n(79).
-32
Let g(b) = -1351*b + 13513. Give g(10).
3
Let l(j) = -20*j**2 - 492*j - 2464. Determine l(-7).
0
Let n(k) = -k**2 + 96*k + 3167. Give n(122).
-5
Let j(p) = -p**3 + 15*p**2 - 16*p + 93. Give j(16).
-419
Let r(j) = 532*j - 2665. Determine r(5).
-5
Let s(w) = 117*w - 2844. Calculate s(25).
81
Let c(x) = -34*x + 540. Give c(18).
-72
Let l(w) = -48*w - 1251. Determine l(-28).
93
Let f(m) = 7*m**2 - 2*m - 1. Determine f(-1).
8
Let i(x) = x**2 - 1557*x - 3. Calculate i(0).
-3
Let a(d) = -d**3 - 17*d**2 - 8*d + 43. Give a(-16).
-85
Let g(h) = 364*h + 10195. Calculate g(-28).
3
Let p(o) = 136*o - 581. Give p(5).
99
Let j(f) = -f**3 - 21*f**2 + 298*f - 387. Give j(-31).
-15
Let j(m) = -15*m**3 - 62*m**2 + 3*m. What is j(2)?
-362
Let b(j) = j**3 + 39*j**2 - 1599*j - 47. What is b(-64)?
-111
Let l(b) = b**2 + 4*b + 20. Give l(0).
20
Let z(k) = 6096*k - 24383. What is z(4)?
1
Let a(x) = 29*x**2 + 24*x - 3. Determine a(-1).
2
Let b(w) = -w**3 + 32*w**2 - 60*w - 13. Determine b(30).
-13
Let f(x) = 18*x - 327. Calculate f(16).
-39
Let c(t) = -2*t**2 - 4*t - 24. Calculate c(-13).
-310
Let t(d) = 52*d**2 + 1037*d - 40. Give t(-20).
20
Let z(h) = h**2 - 78*h - 763. Determine z(-10).
117
Let v(u) = u**2 - 191*u - 8174. Determine v(-36).
-2
Let y(x) = 31*x - 346. Calculate y(11).
-5
Let u(r) = r**3 - 15*r**2 + 57*r - 22. Determine u(8).
-14
Let y(z) = -50*z - 1704. What is y(-20)?
-704
Let g(n) = 6*n**2 - 389*n - 1698. What is g(69)?
27
Let m(o) = -2*o**3 + 7*o**2 - 23*o + 71. Determine m(4).
-37
Let x(y) = -539*y - 2721. What is x(-5)?
-26
Let l(v) = -5*v**3 + 77*v**2 + 73*v - 389. Determine l(16).
11
Let z(x) = x**2 - 121*x - 739. Calculate z(127).
23
Let s(c) = c**2 + 130*c - 20419. Give s(92).
5
Let h(k) = 263*k + 18419. Determine h(-70).
9
Let s(d) = 31*d**2 + 3257*d + 198. What is s(-105)?
-12
Let c(m) = -3*m**3 + 45*m**2 + m + 17. Determine c(15).
32
Let r(v) = 186*v**2 + 927*v - 11. Calculate r(-5).
4
Let w(x) = -x**3 - 32*x**2 - 60*x - 1. What is w(-30)?
-1
Let g(l) = -11*l**3 + 2*l**2 - 22*l + 21. Calculate g(1).
-10
Let i(q) = q**2 - 23*q + 34. What is i(20)?
-26
Let v(g) = g**3 - 15*g**2 + 9*g - 401. Determine v(16).
-1
Let c(z) = 20*z**2 - 272*z + 169. Give c(13).
13
Let z(t) = 12*t - 330. Give z(27).
-6
Let b(r) = 62*r - 1356. What is b(22)?
8
Let q(j) = j**2 + 29*j - 197. Give q(6).
13
Let d(o) = -134*o**2 + 1464*o + 115. Determine d(11).
5
Let g(u) = u**3 + 12*u**2 - 58*u - 482. Calculate g(-7).
169
Let g(v) = -2*v**2 - 268*v + 6848. Calculate g(22).
-16
Let o(g) = -g**3 - 6*g**2 - 10*g - 37. Calculate o(-5).
-12
Let g(v) = -113*v**2 + 324*v + 3. Calculate g(3).
-42
Let z(t) = 2*t**2 - 53*t + 290. Calculate z(8).
-6
Let a(w) = -9*w - 43. Determine a(-9).
38
Let s(m) = m**2 - 57*m + 622. What is s(15)?
-8
Let d(y) = 2*y**2 - 5*y - 8. Determine d(2).
-10
Let v(y) = y**3 + 39*y**2 + 195*y - 70. Calculate v(-33).
29
Let g(n) = 27*n - 717. Give g(21).
-150
Let r(g) = g**3 - 2*g**2 - 71*g - 9. Give r(0).
-9
Let l(a) = 19*a - 346. Calculate l(26).
148
Let q(r) = 27*r - 73. Determine q(3).
8
Let y(t) = 4*t**2 - 77*t - 489. Determine y(-5).
-4
Let b(q) = -25*q**2 + 83*q + 1. Determine b(3).
25
Let z(q) = -2*q**3 + 18*q**2 - 2*q - 5. What is z(9)?
-23
Let v(s) = -s**3 + 29*s**2 - 185*s - 219. Give v(18).
15
Let v(p) = p**3 - 24*p**2 - 7*p + 708. Determine v(23).
18
Let b(m) = 2*m**2 - 116*m + 1104. Determine b(46).
0
Let i(z) = -2*z**2 + 473*z - 4137. Calculate i(9).
-42
Let u(f) = 5*f**2 + 429*f + 320. Calculate u(-85).
-20
Let a(g) = -14*g + 394. Calculate a(26).
30
Let r(a) = -618*a - 165011. Calculate r(-267).
-5
Let y(k) = 73*k - 820. Give y(9).
-163
Let a(t) = 32*t + 356. Give a(-12).
-28
Let q(f) = -f**2 - 7*f - 21. Calculate q(-14).
-119
Let z(m) = -989*m - 26626. Calculate z(-27).
77
Let h(g) = -125*g + 798. Determine h(5).
173
Let i(u) = -3*u**2 - 5*u + 20. Give i(-5).
-30
Let f(t) = -81*t + 33211. Calculate f(410).
1
Let w(p) = p**3 + 7*p**2 - 84*p + 193. What is w(-14)?
-3
Let l(s) = s**3 - 79*s**2 + 227. What is l(79)?
227
Let m(v) = 168*v + 526. Determine m(-2).
190
Let w(p) = -314*p - 9414. Determine w(-30).
6
Let g(y) = -19*y - 262. Calculate g(-12).
-34
Let x(b) = -b**3 + 27*b**2 - 13*b + 32. Determine x(26).
370
Let y(w) = 24*w - 411. Give y(14).
-75
Let n(m) = -m**3 - 5*m**2 + 63*m + 315. Calculate n(-5).
0
Let b(t) = -22*t**2 - 98*t + 29. Give b(-5).
-31
Let d(h) = 2*h**3 - 26*h**2 + 6*h - 20. Determine d(13).
58
Let k(f) = -39*f**3 + f**2 + 2*f - 3. Determine k(1).
-39
Let t(k) = -98*k - 2049. Calculate t(-21).
9
Let p(u) = -u**3 - 6*u**2 - 24*u - 69. Calculate p(-5).
26
Let n(d) = -3*d**3 + d - 15. Give n(-3).
63
Let p(j) = 4*j**2 + 117*j - 92. Determine p(-30).
-2
Let a(u) = u**3 + 14*u**2 - 2*u + 185. Calculate a(-15).
-10
Let h(n) = -646*n - 62009. Give h(-96).
7
Let m(n) = n**3 + n**2 - 12*n - 18. Determine m(-2).
2
Let h(u) = -u**3 + 43*u**2 + 9. What is h(43)?
9
Let j(h) = -32*h - 2750. Give j(-75).
-350
Let j(k) = -k**2 + 16*k + 136. Calculate j(16).
136
Let l(i) = -4*i**3 + 38*i**2 - 4283*i + 38381. What is l(9)?
-4
Let y(v) = -v**2 + 543*v + 8915. What is y(-16)?
-29
Let l(y) = 439*y + 14492. Calculate l(-33).
5
Let z(p) = p**3 - 23*p**2 + 117*p + 27. Calculate z(8).
3
Let t(g) = -320*g + 2231. Give t(7).
-9
Let t(a) = a**2 - 16*a + 31. Give t(15).
16
Let w(c) = -12*c**3 + 4*c**2 - 15*c + 22. Calculate w(2).
-88
Let o(c) = c**3 + 26*c**2 - 5*c - 463. Give o(-26).
-333
Let g(c) = -3*c**2 - 7*c - 121. Calculate g(-8).
-257
Let s(a) = 109*a + 3459. Determine s(-29).
298
Let u(a) = 1016*a + 9142. What is u(-9)?
-2
Let n(s) = s**2 + 2*s - 2473. Determine n(-52).
127
Let g(a) = a**2 - 11*a + 8. What is g(11)?
8
Let d(v) = -v**3 - 102*v**2 + 200*v - 855. Determine d(-104).
-23
Let f(h) = 3*h**3 + 15*h**2 - 21*h + 146. Determine f(-7).
-1
Let l(o) = o**2 + 4004*o - 32101. What is l(8)?
-5
Let r(s) = -s**3 + 5*s**2 - 9*s + 3. What is r(4)?
-17
Let l(b) = -5*b**2 + 293*b + 1937. Determine l(-6).
-1
Let f(m) = -45*m**2 + 8*m + 1. Give f(-2